 3*r**5/10 - r**4/3 - r**3/3 + 3*r**2 + 7*r. Let f(o) = -5*m(o) + v(o). Calculate f(-2).
-9
Let j(w) = -2*w + 1. Let k(c) = -c - 1. Let z(r) = -j(r) + k(r). Suppose -4*t + 2*u = -10, -1 = 2*t + 4*u + 9. Let l = -5 - t. Give z(l).
-8
Let y(m) = -10*m - 5*m + 10*m + m**2. What is y(6)?
6
Let z be (-18)/(-4)*20/(-15). Let u(k) = -15*k**3 + 11*k**2 + 13*k + 25. Let j(c) = -7*c**3 + 5*c**2 + 6*c + 13. Let t(n) = z*u(n) + 13*j(n). What is t(0)?
19
Let g(q) be the first derivative of -3*q**2 - 7*q + 95. Give g(-2).
5
Let a = 0 + 2. Let l(o) = -2*o**2 + a + 6*o + 2*o**2 + o**2. Suppose -8*p - c - 12 = -4*p, -5*p = 4*c + 15. What is l(p)?
-7
Let u(r) = -r**2 + r - 1. Let b(t) = -5*t**2 - 3. Let y(k) = b(k) - 6*u(k). Let o = -61 + 64. Suppose 2*z - o*z = -5. Calculate y(z).
-2
Let q(r) = -r - 1. Suppose -4*g = -g - 33. Suppose 5*l = -5*p + 15, l + 0*p - g = 3*p. Suppose -l*x = 3*z + 2, 3*z = 4*x + x - 22. Determine q(z).
3
Let a(w) = -6 + 5 - w**3 + 0 + 4*w**2 - 4*w. Let f be a(3). Let p(y) = -18*y**2 + 7*y + 5. Let c(d) = 9*d**2 - 4*d - 3. Let j(k) = f*p(k) - 7*c(k). Give j(-1).
10
Let j be (-1)/14 - 994/(-196). Let l(r) = r + 3*r**3 + 8*r**2 - 4 - 4*r**3 - 3*r**2. Calculate l(j).
1
Suppose 7*u = 11 + 10. Let o(k) = 0*k + 0*k - 5*k + k. Determine o(u).
-12
Suppose -6*n = 5*b - 9*n - 46, 0 = -2*b + 2*n + 20. Let l(r) = -4*r + 10. What is l(b)?
-22
Let h(q) = -q + 1. Let v(j) = 2*j - 3. Let c(i) = -7*h(i) - 4*v(i). Give c(3).
2
Let y(p) be the second derivative of p**4/12 + 5*p**3/6 - 3*p**2/2 + 20*p. Suppose -4*k = 4*o - 12, -o - 4*k + 1 - 7 = 0. Suppose 5*r = -o - 19. Calculate y(r).
-3
Let u(x) = 1645*x + 1641*x + 1650*x + 4*x**2 - 4935*x. Determine u(3).
39
Let z(q) be the second derivative of -q**7/2520 + q**6/240 - q**5/60 - 2*q**4 - 9*q. Let g(o) be the third derivative of z(o). Determine g(3).
-2
Let u(g) = -9*g**2 + 1. Let x be ((-183)/9)/(3/(-9)). Let w = x - 62. What is u(w)?
-8
Suppose 2*h = 5 + 5. Suppose -2*l = 5*k - 10, -h*k - 21 = -3*l - 6. Let v(f) = 92*f + 85*f - f**2 - 173*f + 3. What is v(l)?
-2
Let p(l) = l**2 - 19*l. Suppose -16*t + 241 = -63. Calculate p(t).
0
Let l(b) = -b + 19. Let t be l(10). Suppose 0 = 3*n - t + 3. Let r(w) = -2*w**2 + 22 - 10 + w**n - 10 - 4*w. Calculate r(-4).
2
Let f(d) = 6*d**3 + 6*d**2 - 8*d - 5. Let q(c) = c**2 - c - 1. Let s(t) = -f(t) + 6*q(t). Let u(i) = -i**2 - 4*i - 2. Let z be u(-1). What is s(z)?
-5
Let z(m) = -m**3 + 4*m**2 - 6*m + 5. Suppose -a = -3*d - 1 + 11, 2 = -d + 3*a. Calculate z(d).
-19
Let r(b) = 5*b**3 - 7*b**2 + 5*b + 2. Let m(a) = -8*a**3 + 13*a**2 - 10*a - 4. Let u(h) = 3*m(h) + 5*r(h). Let w = -9 + 4. Determine u(w).
-2
Let d(l) be the second derivative of -l**4/8 - l**3/2 - 15*l**2/2 + l. Let q(t) be the first derivative of d(t). What is q(-3)?
6
Let o(h) = 19*h**2 + 44*h + 1. Let m(t) = -8*t**2 - 22*t - 1. Let p(b) = 5*m(b) + 2*o(b). What is p(-11)?
-3
Let r(y) = -y + 1. Let m(g) = g**2 - 13*g + 28. Let b be m(6). Let f be (-1 - -4 - 0)/(21/b). What is r(f)?
3
Let z = -26 - -20. Let x be 12/(-4) + 4 + 1. Let y(p) = 0*p - 1 + x + 0 + p. Determine y(z).
-5
Let r(w) = -6*w - 1. Let j(l) = 31*l - 20. Let z(m) = -j(m) - 5*r(m). Give z(16).
9
Suppose 0 = 5*j - 0*j. Let w(p) = p**2 + 240 + p - 240. What is w(j)?
0
Let t(r) = -r**2 + 7*r - 8. Let a be t(6). Let w(s) be the first derivative of -3*s**2/2 + 49. Determine w(a).
6
Let o(c) be the first derivative of -c**3/3 + 11*c**2/2 - 23*c - 31. What is o(10)?
-13
Let q be (-1)/(-2) + (-2)/(-18)*0. Let k(s) be the third derivative of 0*s + q*s**3 + s**2 + 1/24*s**4 + 0. What is k(-5)?
-2
Let o(w) = 3 + 7*w + w**2 + 2 + 2 - 3. Suppose -23*c + 28 = -27*c. Determine o(c).
4
Suppose 0 = -15*i + 64 + 26. Let m(q) = 2*q**2 - 10*q - 5. Determine m(i).
7
Let k be (-4 + 11/2)*8/6. Let g(w) = w**3 - 2*w**2 - k - 18*w + 20*w - 2*w**2. What is g(3)?
-5
Let i(y) = -10*y**3 + 10*y**2 - y + 7. Let v(l) = -9*l**3 + 9*l**2 - l + 6. Let q = -14 + 21. Let k(a) = q*v(a) - 6*i(a). What is k(2)?
-14
Suppose 2*u = s - 6, -2*u = 22*s - 18*s + 26. Let x(h) = -5*h + 3. Calculate x(u).
28
Let k(g) be the second derivative of -g**5/60 - g**4/8 + 5*g**3/6 - 21*g**2/2 - 8*g. Let d(w) be the first derivative of k(w). Give d(-4).
1
Let z(p) = p**2 - 2*p + 7. Let q be 190/50 + 1/5. Determine z(q).
15
Let s(u) = u. Let j be s(2). Let m(t) be the third derivative of 0 + 0*t + 1/3*t**3 - 1/12*t**4 + 4*t**2. Give m(j).
-2
Let z(b) = 6 + 0*b - 16 - 4*b + 18. Calculate z(5).
-12
Let d(g) be the third derivative of -g**6/120 + 7*g**5/60 - g**4/8 + 3*g**3/2 + g**2 + 77*g. Give d(7).
-12
Let h(u) be the third derivative of -u**3 + 1/6*u**4 + 0 + 0*u - 2*u**2 + 1/60*u**5. Let y be (2/(-6) - 0)/(11/165). Determine h(y).
-1
Suppose 0 = -3*b - 84 + 45. Let a(c) = c**3 + 13*c**2 + 5. Determine a(b).
5
Let t be (0*4/8)/(-6 + 8). Let k(y) = -y**2 + y - 4. What is k(t)?
-4
Let p(d) = -7*d + 50. Let j be p(7). Let l be (j + 1)*(-5)/(-2). Let x(o) = -3*o + 6. Calculate x(l).
-9
Let n(a) be the first derivative of 2*a**3/3 - a**2/2 + a + 248. Calculate n(2).
7
Let w be (20/(-2))/((-15)/90). Let p = w + -60. Let x(a) = -a - 3. What is x(p)?
-3
Let d(y) = 2*y**2 + y - 2. Let k(n) = -n**3 - 9*n**2 + 19*n. Let t(q) = 3*d(q) - k(q). What is t(-16)?
-6
Let q(d) = -12*d**3 + 2*d**2 - 7. Let n(u) = 6*u**3 - u**2 + 4. Let g(f) = 5*n(f) + 3*q(f). Suppose -14 = 108*a - 94*a. Determine g(a).
6
Let k(l) = -41*l**2 + 16*l + 5. Let j(z) = 22*z**2 - 8*z - 3. Let b(t) = 11*j(t) + 6*k(t). What is b(2)?
-3
Let w(z) = z**3 + 3*z**2 - 3*z - 4. Let o be 9/(-18) + 18/4. Suppose o*y = -q + 7, -y - 1 = q - 5. Suppose 5*d - q = -18. What is w(d)?
5
Let l(j) = -3*j**2 + 2*j. Let k be 1 + 3 + -3 + 4. Suppose -v - 1 = -4*t + 10, t - k = v. Calculate l(t).
-8
Let v(n) = -n + 8. Let t be (-1 + 17/3)/((-6)/(-9)). Let z(f) = -3*f + 24. Let g(q) = t*v(q) - 2*z(q). What is g(6)?
2
Suppose -3*s - 5 - 4 = 0. Let g(w) = -16 - 16 + 27 + 4*w - w. Let u(v) = -8*v + 14. Let p(o) = 11*g(o) + 4*u(o). Determine p(s).
-2
Let l(m) = -195 + 331 - 176 - 3*m. What is l(-12)?
-4
Let f(l) = -2 + 6 - 2*l + 4*l. Let s be f(-1). Let r(p) = -p**3 + p**2 + 2*p - 2. Determine r(s).
-2
Let b(n) = -23*n + 34. Let k(u) = 4*u - 7. Let v(o) = 2*b(o) + 11*k(o). What is v(-9)?
9
Let q(t) = -t - 4 - 1 + 3 + 7. Let o = -19 - -25. Determine q(o).
-1
Suppose 15*q + 30 - 90 = 0. Let a(d) = -d**3 + 3*d**2 + 6*d - 7. Give a(q).
1
Let s = -33 - -36. Let u(i) = -i**3 - 8*i**2 + 5*i + 8. Let v(z) = z**2 + z - 1. Let c(x) = s*v(x) + u(x). Determine c(-6).
-7
Let h = 4 + 0. Let b = 340 + -339. Let l be b/(34/(-8) + h). Let j(x) = 2*x + 2. Calculate j(l).
-6
Let t(q) = -3. Let g(i) = 3*i + 3. Let p(u) = g(u) - 4*t(u). Determine p(-7).
-6
Let a(l) = l - 1. Let g(k) = -4*k + 10. Let d(r) = 3*a(r) + g(r). Calculate d(6).
1
Let b(n) be the first derivative of n**4/24 + n**3/6 + 9*n**2/2 + 4. Let u(v) be the second derivative of b(v). What is u(-3)?
-2
Let k(t) = -t + 8. Suppose -j - 2 + 9 = 0. Let x(y) = -y + 9. Let r be x(j). Suppose -3*o = 9, -3*h + 20 = r*o + 8. Give k(h).
2
Let x be 4 - (148 + 2)/(-5). Let b(v) = -x - v**2 + 0*v + 6*v + 12 + 16. Calculate b(6).
-6
Let o(h) = -2*h**2 - 3*h + 3. Suppose -18*k = -23*k - 20. Give o(k).
-17
Let z be (-1)/4 + 648/32. Let h be 3/7 - (z/(-35) + 0). Let m(c) = 5*c**2 + 1. What is m(h)?
6
Suppose -4*u + 20 = -20. Let t(k) = 2*k + u*k**2 - 1 - k**3 - 3*k - 2*k**2 - 2*k**2. Let f(w) = w**3 - 5*w**2 + 6. Let v be f(5). What is t(v)?
-7
Let q = 165 + -173. Let x(m) be the second derivative of -m**5/20 - 2*m**4/3 + m**3/6 + 7*m**2/2 + 9*m. Give x(q).
-1
Let p = 25 + -23. Let k(i) = 18*i + 8*i - 35*i + 8*i - 6*i**p. Determine k(-1).
-5
Let p be 4*(238/(-8))/(-7). Let o = p - 17. Suppose 3*a = 2*m + 4, 2*m - 4*a + 7*a - 20 = o. Let w(b) = -b**3 + 3*b**2 + 2*b. Determine w(m).
-8
Suppose 0 = -4*a - 3*d - 8, 2*a - 2*d = 2*d - 4. Suppose 0 = 6*g - 3*g - 6. Let h(t) = t + g*t + 0*t - 2 - t. Calculate h(a).
-6
Suppose 0 = 2*k - 2 - 10. Suppose -3*x = -6*x + k. Let o(a) = 2*a + a**2 - a**2 - a**2 + 0*a**x. Give o(-2).
-8
Let u(h) = -110769*h - 4 + h**2 + 3 + 110762*h. Calculate u(7).
-1
Let r(l) = -4*l**2 + 2*l - 2. Let d(w) = w**2 - w. Let v(s) = 3*d(s) + r(s). Let k be v(-1). Let m(h) = 2 - 3*h**2 + 0 - 1. What is m(k)?
-11
Let b(n) 